 = -48 - 132. Calculate the remainder when d is divided by q.
7
Calculate the remainder when (21672/54)/((-4)/(-3)) is divided by 54.
31
Let r = 62 + -62. Suppose -3*v = -i - 16, 2*v - 2 = -4*i + 4. Suppose -2*h + v*h - 42 = r. Calculate the remainder when h is divided by 3.
2
Let m(o) = -o**2 + 10*o + 16. Let g be m(11). Suppose 3*z - g*h - 24 = -2*h, 3*z - h - 28 = 0. What is the remainder when (-2)/(-1)*-1 + 61 is divided by z?
9
Suppose 5*k - 660 = -5*b, b + 0*b + 690 = 5*k. Let c = 160 - k. What is the remainder when 48 is divided by c?
2
Suppose -3*w + 3*n + 311 = 2*w, 2*n + 4 = 0. What is the remainder when 82 is divided by w?
21
Suppose -4*y - 68*m = -66*m - 166, -4*y + 5*m + 201 = 0. What is the remainder when y is divided by 12?
8
Suppose 0 = -54*p - 1798 + 10816. Calculate the remainder when p is divided by 28.
27
Let j(b) be the first derivative of 2*b**3/3 - 13*b**2/2 - 2. Suppose -2 = k, 38 = 4*a + 4*k + 14. What is the remainder when 45 is divided by j(a)?
21
Suppose 6*l - 144 = 2*l. Suppose -35*q = -l*q. Suppose q = 8*w - 6*w - 60. Calculate the remainder when 89 is divided by w.
29
Let g = -35 - -63. Let l = -1086 - -1769. Let u = l - 546. Calculate the remainder when u is divided by g.
25
Suppose 2*q - 20 = -5*y, 4*q = -q + 25. Calculate the remainder when 41*(-1)/1*(y + -3) is divided by 7.
6
Suppose -3*j - 5*n + 3*n = 146, 5*n - 10 = 0. Let z = 72 - j. Suppose -z = -2*l - 96. What is the remainder when 23 is divided by l?
10
Let d(p) = -p**3 - 19*p**2 - 19*p + 9. Suppose -54 = 4*y + 18. Suppose 0 = -45*o + 43*o + 32. Calculate the remainder when d(y) is divided by o.
11
Suppose 9*h = -3*g + 4*h - 1, 0 = -2*g + 4*h + 36. Suppose g = -j + 22. Calculate the remainder when 237 is divided by j.
13
Suppose 3*w + q = 14, -572 = -4*w + q - 537. Let c be 64/2 + 0/1. Suppose -112 + c = -4*i. Calculate the remainder when i is divided by w.
6
Let q = -396 + 400. Suppose q*p = -2*j + 256, -4*p - 3*j + 318 = 64. Calculate the remainder when p is divided by 17.
14
Let o(a) = -21 - 2*a**3 - 1 - 7*a**2 + 5*a + 31. What is the remainder when 78 is divided by o(-4)?
3
Let s = -56 - -95. Suppose 2*h + 5*w - 65 = 0, 0 = -19*h + 14*h - 2*w + 131. Calculate the remainder when s is divided by h.
14
Let n = 262 - 440. Let w = -60 - n. Calculate the remainder when w is divided by 32.
22
What is the remainder when 261 + -1 + -10*(14 + -13) is divided by 79?
13
Let g(h) = 7*h**2. Let u be -4 + (19 - (0 + 4/2)). Suppose -3*w = -2*w - 4*j - 2, 2*w + j = u. Calculate the remainder when g(-1) is divided by w.
1
Let k = 2373 - 2314. Calculate the remainder when 233 is divided by k.
56
Suppose -297 + 41 = -8*m. Let c = 44 - 24. What is the remainder when m + 3 + 4 + (-12)/2 is divided by c?
13
Suppose -5*r + 1941 = -4*j, -4*r + 1560 = 184*j - 180*j. Calculate the remainder when r is divided by 70.
39
Calculate the remainder when 119 is divided by 24 + 10*40/(-50).
7
Let c(x) = 15*x - 75. Let h(z) = 4*z - 19. Let m(s) = -2*c(s) + 9*h(s). Calculate the remainder when m(15) is divided by 14.
13
Suppose n - b - 113 = 0, -3*n + 220*b = 222*b - 384. What is the remainder when 563 is divided by n?
75
Let x(l) = -l**3 - 19*l**2 - 47*l + 13. Let p be x(-16). Let y = p + 5. What is the remainder when 14 is divided by y?
0
Let z = 453 - 265. What is the remainder when 388 is divided by z?
12
Suppose -7*d = -13 - 4733. Suppose -432 - d = -5*b. What is the remainder when b is divided by 23?
15
Let f = 5813 + -5798. Let g(u) = 22*u + 2. Let r(m) = 11*m + 1. Let w(y) = -3*g(y) + 5*r(y). What is the remainder when f is divided by w(-1)?
5
Let h = -2621 - -4239. Suppose -5*g + 4*w = -h, -2*g - 4*w + 28 = -636. Calculate the remainder when g is divided by 66.
62
Suppose 0 = -13*c + 2754 - 882. Suppose s - h + 6 = c, -4*h - 129 = -s. Calculate the remainder when s is divided by 41.
18
Suppose 662*y + 364 = 669*y. What is the remainder when 772 is divided by y?
44
Let t be (-217)/31*(-4)/14. Calculate the remainder when 53 is divided by t/3*(378/12 + 15).
22
Suppose 2*f + 5*h = 0, 5*h + 0*h = 4*f - 30. Suppose -f*x - 5 = 20. What is the remainder when 11 is divided by (2/x - 0)/(2/(-20))?
3
Suppose 8*o - 12*o = -184. Let f = -34 + o. Let l = 214 - 156. Calculate the remainder when l is divided by f.
10
Suppose 2*p + 153 = -3*o, -193 = 2*p - 7*o + 2*o. What is the remainder when 75 is divided by (-694)/(-18) + p/(-189)?
36
Let o be 4/8*10 - -30. Let n = 38 - o. Suppose -3*z + 4*a = 263 - 1134, 0 = 2*z - n*a - 579. Calculate the remainder when z is divided by 30.
27
Suppose g - 435 = -4*v, -4*v - 4*g - 43 + 487 = 0. Let j = 5 + -1. Suppose -5*n = j*n - v. Calculate the remainder when 33 is divided by n.
9
Suppose -j = -5*v - 189, -v + 5*j + 157 = -5*v. Let n = -13 - v. Suppose 20*w + 35 = n*w. Calculate the remainder when 24 is divided by w.
3
Suppose -11 = 4*n + 5, 5*b = 5*n + 150. Let r = 45119 - 45105. What is the remainder when b is divided by r?
12
Let l = -8181 - -8192. Calculate the remainder when 7873 is divided by l.
8
Suppose 160 - 642 = -2*h. What is the remainder when h is divided by (-42 - -68) + (118/14 - (-112)/196)?
31
Let b(i) = -2 + i**2 - 6*i + 2 - 2 + 8. Let s be b(4). Let h(w) = -10*w**3 + w**2 - 4*w - 3. Calculate the remainder when h(s) is divided by 23.
20
Let k(q) be the first derivative of -7*q**2/2 + q - 1. What is the remainder when k(-8) is divided by 25740/1210 - (-6)/(-22)?
15
Suppose -105*f = -4*p - 103*f + 138, 2*f + 6 = 0. Calculate the remainder when p is divided by 23.
10
Let m = 3383 + -3345. Calculate the remainder when 2580 is divided by m.
34
Let a be (-11 - -7)/(0 - (1 - -1)). Let j be 1*a*(-18 - -19). Suppose -5*y + 457 - 26 = 4*x, -j*x = 2. What is the remainder when y is divided by 30?
27
Let j(f) be the third derivative of -11*f**2 - 7/6*f**3 + 0*f + 1/4*f**4 + 0. Calculate the remainder when 113 is divided by j(6).
26
What is the remainder when ((-13)/2 + 5)*(-2 + (-2064)/9) is divided by 95?
62
Calculate the remainder when 446 is divided by ((-31)/(-310))/(4/4280).
18
Suppose 65 = -4*r + 2*x + 3*x, -5 = r + x. Let p = 16 + r. Let o = -17 - -51. What is the remainder when o is divided by p?
4
Let i(z) = 4*z. Suppose 0 = -29*b + 32*b - 6. Let t be i(b). Suppose 0 = -4*k + t, -3*p - k = p - 26. Calculate the remainder when 93 is divided by p.
3
Let q(x) = -26*x**2 + 1146*x - 12. What is the remainder when q(44) is divided by 46?
30
Suppose -984 - 5042 = -2*v + 2*d, -2*d = -5*v + 15062. Suppose 327 = 21*w - v. Calculate the remainder when w is divided by 10.
9
Suppose -3*d + 750 = -12*m + 16*m, 4*d = -2*m + 1020. Calculate the remainder when d is divided by 44.
38
Let j = 11301 + -11247. Calculate the remainder when 2047 is divided by j.
49
Suppose 41 = -4*d + 169. Suppose 9186*v + 4140 = 9255*v. Calculate the remainder when v is divided by d.
28
Suppose 4*p - 570 = -6*p. Let t = 56 - p. Calculate the remainder when ((-253)/(-6) - (-2)/(-12)) + t is divided by 14.
13
Let k(t) = -t**3 + 45*t**2 + 47*t - 119. What is the remainder when k(45) is divided by 26?
20
Suppose -3*w = 5*b - 2*w - 463, 27*w = -4*b + 449. Calculate the remainder when 1214 is divided by b.
18
Let a = -408 - -572. Let t = -113 + a. What is the remainder when 251 is divided by t?
47
Let t = 14859 + -14720. Calculate the remainder when t is divided by 15.
4
Suppose -24*c + 997 = 5*t - 20*c, -t - 3*c + 195 = 0. What is the remainder when t is divided by 42 + ((-4)/(-6))/((-18)/27)?
37
Let h = -18 + 19. Let g(w) = -10*w**2. Let m be g(h). Let f(t) = -t**2 - 10*t + 4. Calculate the remainder when 5 is divided by f(m).
1
Let l = -11152 + 11246. What is the remainder when 471 is divided by l?
1
Suppose -5*z + 16 = -5*a - 9, 4*z + a - 55 = 0. What is the remainder when 568 is divided by z?
4
Let q = -6797 - -6814. What is the remainder when 828 is divided by q?
12
Suppose 5*f - 43 = -6*c + 4*c, c - 32 = f. Suppose -26*d = -c*d + 162. Calculate the remainder when d is divided by 20.
14
Let i = 2 - -16. Suppose 299*y + 78 = 296*y. What is the remainder when i is divided by y/(-8) - (-84)/48?
3
Let a = 330 + -301. Suppose -5*h + k + 85 = 0, -7*k + 8*k - 11 = -h. Calculate the remainder when a is divided by h.
13
Calculate the remainder when 62 is divided by 30/(-4)*(76 + -